t is 11184 - -5?
11189
In base 10, what is 1 - -25604?
25605
In base 2, what is 10110100101111010000100 - -100?
10110100101111010001000
In base 11, what is 0 + -a9482?
-a9482
In base 3, what is 21202 - 111101?
-12122
In base 10, what is 13 + -6652?
-6639
In base 11, what is -9242 + -1?
-9243
In base 4, what is -20011 - -1021110?
1001033
In base 9, what is 1647 - -262?
2020
In base 7, what is -5604 + -332?
-6236
In base 11, what is -1 + -326a78?
-326a79
In base 2, what is 11111 + 1001111110000?
1010000001111
In base 3, what is -212201111 - -11?
-212201100
In base 10, what is -39434 - -4?
-39430
In base 2, what is -10000000001000 + -1100101?
-10000001101101
In base 15, what is a429 + -1a?
a40e
In base 15, what is 2 + -9133?
-9131
In base 6, what is 32 - 242322?
-242250
In base 10, what is 4 + 2478?
2482
In base 12, what is 0 - -33228?
33228
In base 3, what is 10220101001 - 1?
10220101000
In base 10, what is -229 - 23?
-252
In base 13, what is 6 + -22a?
-224
In base 6, what is -305222 - -131?
-305051
In base 3, what is -1102111 + -1221?
-1111102
In base 13, what is -23 + -27a29?
-27a4c
In base 7, what is 3 + 342405?
342411
In base 14, what is -72d + c9?
-644
In base 16, what is -286 + 1b80?
18fa
In base 5, what is 0 + 11221244?
11221244
In base 15, what is -2 + -277dc4?
-277dc6
In base 4, what is 2 + -231233010?
-231233002
In base 13, what is -65a687 + 2?
-65a685
In base 9, what is -3637 + 343?
-3284
In base 11, what is 10a34 - -3?
10a37
In base 9, what is 4 + 10850?
10854
In base 15, what is de1 + 3?
de4
In base 9, what is -1102241 + -6?
-1102247
In base 6, what is 41 - 412325?
-412244
In base 12, what is -6296 + 9?
-6289
In base 16, what is 2 + -750f4?
-750f2
In base 13, what is 4 + 24a047?
24a04b
In base 13, what is 43 - -1887?
18ca
In base 4, what is -30 - 101222010?
-101222100
In base 4, what is -112 - 10131?
-10303
In base 14, what is 3 + -6da?
-6d7
In base 10, what is 876 - 35?
841
In base 13, what is -2c39 + 12?
-2c27
In base 11, what is -5a455 + 1?
-5a454
In base 2, what is -100111 + 100110011011?
100101110100
In base 8, what is -517 + 3?
-514
In base 9, what is 2 + 14177?
14180
In base 14, what is -3b4a + -4?
-3b50
In base 4, what is -201311 + -1113?
-203030
In base 12, what is 19552 + -3?
1954b
In base 4, what is -23 + 1032333?
1032310
In base 6, what is -545 + -113130?
-114115
In base 16, what is 1b5 - 216?
-61
In base 11, what is -33 - -288?
255
In base 15, what is 14284 - -39?
142bd
In base 7, what is -210421 + 240?
-210151
In base 7, what is 46 + 6015?
6064
In base 14, what is c867 + 15?
c87c
In base 7, what is -461 + -10410?
-11201
In base 14, what is -2db8 - -2?
-2db6
In base 3, what is 201101201 + -10?
201101121
In base 9, what is 557 - 5?
552
In base 4, what is -113 + -11321313?
-11322032
In base 16, what is c5 - -2fe?
3c3
In base 5, what is 211 - 134?
22
In base 4, what is -3000113 + 1?
-3000112
In base 9, what is -8 + -1?
-10
In base 5, what is 20303 - -1040?
21343
In base 16, what is -375059 + -3?
-37505c
In base 4, what is -211101 + 31322?
-113113
In base 2, what is 111111001000 - 101111?
111110011001
In base 15, what is 20a9 + -5?
20a4
In base 7, what is 1103360 - 5?
1103352
In base 10, what is -4 + 7621?
7617
In base 5, what is 4 + -2240424?
-2240420
In base 9, what is 11587 + 5?
11603
In base 8, what is -2 - -36225?
36223
In base 16, what is 1870 + e?
187e
In base 16, what is c9 - 3f35?
-3e6c
In base 5, what is 4 + 133401?
133410
In base 10, what is -3 - -223199?
223196
In base 10, what is -3 + -86544?
-86547
In base 4, what is -3 - 221212?
-221221
In base 4, what is -10102023 + 1?
-10102022
In base 6, what is 5242501 - -4?
5242505
In base 13, what is 9a + 70?
13a
In base 10, what is 4795 - -34?
4829
In base 2, what is -11 - 110110001001011110001?
-110110001001011110100
In base 16, what is -ddcb - -1?
-ddca
In base 12, what is 1 - -2279a?
2279b
In base 14, what is -1d1 + -244?
-435
In base 9, what is -1 - -33028?
33027
In base 16, what is 838f + -7?
8388
In base 9, what is -2825 + -274?
-3210
In base 14, what is -24 - -554b?
5527
In base 6, what is -201 + -543504?
-544105
In base 13, what is 9 - 2a4c4?
-2a4b8
In base 3, what is -211022011 + 0?
-211022011
In base 13, what is 562 + 40?
5a2
In base 13, what is -971a - -4?
-9716
In base 4, what is -123020330 + -3?
-123020333
In base 13, what is -c00 - 19?
-c19
In base 9, what is 26120 + -1?
26118
In base 12, what is 7a5622 - -2?
7a5624
In base 2, what is 11011100010 - -10000100?
11101100110
In base 12, what is -4 + 401a?
4016
In base 7, what is -242 + 56623?
56351
In base 15, what is 15831 - 5?
1582b
In base 9, what is -380 - 1782?
-2272
In base 5, what is -343 + 131021?
130123
In base 14, what is 1 + 462?
463
In base 9, what is 663077 - 0?
663077
In base 6, what is 300221 + 153?
300414
In base 7, what is -10 - 163215?
-163225
In base 8, what is 15 + -33124?
-33107
In base 16, what is 3 + 319f1?
319f4
In base 12, what is 5548 - -7?
5553
In base 12, what is -a2127 - 5?
-a2130
In base 6, what is -34203 + 22?
-34141
In base 12, what is -6 - 16b58?
-16b62
In base 16, what is -dba + -7?
-dc1
In base 10, what is 815 - 940?
-125
In base 14, what is 4 + -90792?
-9078c
In base 2, what is 1010011101011011 - -100?
1010011101011111
In base 3, what is -2010210221 - -12?
-2010210202
In base 8, what is 16 + -315314?
-315276
In base 7, what is -2 + 4115?
4113
In base 10, what is 50 + -6444?
-6394
In base 12, what is -3844 - -225?
-361b
In base 2, what is -11100111 + -1110000100?
-10001101011
In base 13, what is 5a90 + -78?
5a15
In base 2, what is 110 + 1111110110000001011?
1111110110000010001
In base 8, what is -1273475 - 2?
-1273477
In base 8, what is -5606 - 10?
-5616
In base 11, what is -26404 + -1?
-26405
In base 9, what is -1516 - 2137?
-3654
In base 5, what is 13 - 114?
-101
In base 15, what is -342c8 + -2?
-342ca
In base 12, what is 1333 + -4b4?
a3b
In base 12, what is 0 - 1159?
-1159
In base 3, what is -10021010 + 10202?
-10010101
In base 11, what is -93 + -128a?
-1372
In base 4, what is -31221 + 1330?
-23231
In base 4, what is 1311321 - -120?
1312101
In base 7, what is 10211 + 114?
10325
In base 8, what is -310535 - 16?
-310553
In base 10, what is -20 + 618?
598
In base 11, what is -30 - -673?
643
In base 14, what is 3 - 2acd?
-2aca
In base 7, what is 5 - 114136?
-114131
In base 8, what is -25726 + -7?
-25735
In base 6, what is 523251 - 2?
523245
In base 16, what is 19af + -3?
19ac
In base 11, what is 40a86 + 2?
40a88
In base 11, what is -4 - 2113?
-2117
In base 10, what is 823 + -7?
816
In base 4, what is 10 - -10203010?
10203020
In base 4, what is 11 + -10010203?
-10010132
In base 7, what is 2 - 345313?
-345311
In base 3, what is 12102 + 12112122?
12202001
In base 13, what is -1ba3c - 1?
-1ba40
In base 5, what is 141 - -20134?
20330
In base 8, what is -136 - 31416?
-31554
In base 5, what is 4243010 - 2?
4243003
In base 14, what is 4 + 3d63b?
3d641
In base 5, what is -3044240 + -3?
-3044243
In base 4, what is 313 + -100033?
-33120
In base 5, what is 1144002 + -3?
1143444
In base 5, what is 4 + 2040143?
2040202
In base 11, what is -6490a - -3?
-64907
In base 10, what is 53 - 14498?
-14445
In base 4, what is 220 + 10323221?
10330101
In base 13, what is -1168432 + -5?
-1168437
In base 3, what is -22010 + -100011?
-122021
In base 8, what is -30 + 14716?
14666
In base 10, what is -2336 + -36?
-2372
In base 16, what is a7 + e9?
190
In base 2, what is -101001011110001 + 110011?
-101001010111110
In base 12, what is a8 - -158?
244
In base 14, what is 3 + -3a19?
-3a16
In base 2, what is 100111011 - -10111?
101010010
In base 5, what is 10141041 + -4?
10141032
In base 12, what is 46 - 3341?
-32b7
In base 2, what is -100011010100 - 11?
-100011010111
In base 16, what is -1 - 2f94?
-2f95
In base 13, what is -5283 + -1a?
-52a0
In base 11, what is -539 + -107?
-645
In base 10, what is 0 + 37481?
37481
In base 11, what is 239a9 + 32?
23a30
In base 15, what is 1 + -ed8a?
-ed89
In base 6, what is -1 + 301354?
301353
In base 13, what is cb04 - -4?
cb08
In base 5, what is -1 - 2013444?
-2014000
In base 14, what is 5 - -4a79?
4a80
In base 6, what is -410 + -152?
-1002
In base 8, what is -3 + 111055?
111052
In base 6, what is 42 - -222341?
222423
In base 4, what is 1 + -10023031?
-10023030
In base 1